by 83?
27
Calculate the remainder when 167229 is divided by 55743.
0
Calculate the remainder when 105836 is divided by 415.
11
What is the remainder when 14039 is divided by 195?
194
What is the remainder when 184449 is divided by 2837?
44
Calculate the remainder when 1691143 is divided by 644.
643
Calculate the remainder when 29554 is divided by 7.
0
What is the remainder when 44768 is divided by 22?
20
What is the remainder when 1888 is divided by 337?
203
Calculate the remainder when 167559 is divided by 19.
17
What is the remainder when 104725 is divided by 19?
16
Calculate the remainder when 2761 is divided by 49.
17
Calculate the remainder when 15446 is divided by 3063.
131
What is the remainder when 8232 is divided by 2722?
66
Calculate the remainder when 1740 is divided by 25.
15
What is the remainder when 14452 is divided by 55?
42
What is the remainder when 425362 is divided by 207?
184
Calculate the remainder when 13943 is divided by 9.
2
Calculate the remainder when 10635 is divided by 5284.
67
What is the remainder when 28001 is divided by 324?
137
What is the remainder when 726909 is divided by 989?
983
Calculate the remainder when 19802 is divided by 120.
2
Calculate the remainder when 15217 is divided by 34.
19
What is the remainder when 26793 is divided by 29?
26
What is the remainder when 4095 is divided by 232?
151
Calculate the remainder when 1168 is divided by 580.
8
What is the remainder when 40742 is divided by 29?
26
Calculate the remainder when 3107 is divided by 606.
77
What is the remainder when 20471 is divided by 39?
35
What is the remainder when 965 is divided by 31?
4
Calculate the remainder when 2865 is divided by 14.
9
Calculate the remainder when 4074 is divided by 120.
114
Calculate the remainder when 691 is divided by 62.
9
Calculate the remainder when 431 is divided by 155.
121
What is the remainder when 73952 is divided by 83?
82
What is the remainder when 31387 is divided by 468?
31
Calculate the remainder when 103758 is divided by 63.
60
What is the remainder when 2514 is divided by 605?
94
What is the remainder when 64043 is divided by 3?
2
Calculate the remainder when 277883 is divided by 863.
860
What is the remainder when 1504 is divided by 80?
64
Calculate the remainder when 57113 is divided by 262.
259
Calculate the remainder when 2356 is divided by 667.
355
Calculate the remainder when 14687 is divided by 29.
13
What is the remainder when 54453 is divided by 27209?
35
What is the remainder when 10846 is divided by 54?
46
Calculate the remainder when 2680 is divided by 2428.
252
What is the remainder when 8864 is divided by 22?
20
Calculate the remainder when 1249 is divided by 192.
97
What is the remainder when 293 is divided by 49?
48
Calculate the remainder when 2445070 is divided by 133.
131
Calculate the remainder when 8946 is divided by 2235.
6
What is the remainder when 15431 is divided by 281?
257
What is the remainder when 6065 is divided by 432?
17
What is the remainder when 29127 is divided by 27?
21
Calculate the remainder when 92603 is divided by 245.
238
What is the remainder when 9889 is divided by 487?
149
What is the remainder when 23353 is divided by 138?
31
Calculate the remainder when 4379 is divided by 366.
353
Calculate the remainder when 2988 is divided by 21.
6
Calculate the remainder when 109391 is divided by 195.
191
What is the remainder when 20187 is divided by 640?
347
Calculate the remainder when 177614 is divided by 332.
326
Calculate the remainder when 4780 is divided by 9.
1
Calculate the remainder when 1137 is divided by 550.
37
What is the remainder when 18422 is divided by 60?
2
Calculate the remainder when 278604 is divided by 111.
105
Calculate the remainder when 343263 is divided by 544.
543
What is the remainder when 411761 is divided by 137251?
8
What is the remainder when 22614 is divided by 31?
15
Calculate the remainder when 17070 is divided by 420.
270
What is the remainder when 5983 is divided by 44?
43
What is the remainder when 262569 is divided by 262?
45
Calculate the remainder when 9686 is divided by 822.
644
What is the remainder when 931200 is divided by 58?
10
What is the remainder when 213 is divided by 213?
0
Calculate the remainder when 209279 is divided by 64.
63
Calculate the remainder when 86711 is divided by 12.
11
What is the remainder when 8019 is divided by 191?
188
What is the remainder when 2216 is divided by 1082?
52
What is the remainder when 5127 is divided by 857?
842
What is the remainder when 6044 is divided by 2993?
58
Calculate the remainder when 10336 is divided by 10311.
25
What is the remainder when 9490 is divided by 46?
14
What is the remainder when 23032 is divided by 45?
37
What is the remainder when 4116 is divided by 100?
16
Calculate the remainder when 1140 is divided by 573.
567
What is the remainder when 36317 is divided by 137?
12
Calculate the remainder when 20872 is divided by 366.
10
What is the remainder when 132592 is divided by 256?
240
Calculate the remainder when 168727 is divided by 240.
7
What is the remainder when 333598 is divided by 60?
58
Calculate the remainder when 124875 is divided by 39.
36
What is the remainder when 316870 is divided by 243?
241
Calculate the remainder when 31300 is divided by 355.
60
What is the remainder when 337 is divided by 236?
101
Calculate the remainder when 24295 is divided by 12025.
245
Calculate the remainder when 34385 is divided by 73.
2
What is the remainder when 2764 is divided by 1123?
518
Calculate the remainder when 272953 is divided by 194.
189
Calculate the remainder when 88427 is divided by 820.
687
Calculate the remainder when 225 is divided by 138.
87
What is the remainder when 218519 is divided by 36418?
11
What is the remainder when 85246 is divided by 471?
466
Calculate the remainder when 42419 is divided by 15.
14
What is the remainder when 578 is divided by 361?
217
Calculate the remainder when 77626 is divided by 70.
66
What is the remainder when 747 is divided by 284?
179
Calculate the remainder when 21354 is divided by 612.
546
Calculate the remainder when 41281 is divided by 308.
9
Calculate the remainder when 283984 is divided by 5795.
29
What is the remainder when 158874 is divided by 215?
204
Calculate the remainder when 1131 is divided by 12.
3
Calculate the remainder when 3960 is divided by 1783.
394
Calculate the remainder when 6677 is divided by 508.
73
Calculate the remainder when 2547 is divided by 2222.
325
Calculate the remainder when 705025 is divided by 426.
421
Calculate the remainder when 64493 is divided by 185.
113
Calculate the remainder when 16789 is divided by 265.
94
What is the remainder when 7087 is divided by 24?
7
Calculate the remainder when 1198 is divided by 62.
20
Calculate the remainder when 845 is divided by 225.
170
What is the remainder when 35532 is divided by 1422?
1404
What is the remainder when 74100 is divided by 17?
14
What is the remainder when 12873 is divided by 2144?
9
Calculate the remainder when 506384 is divided by 33.
32
What is the remainder when 10440 is divided by 523?
503
Calculate the remainder when 25340 is divided by 1807.
42
Calculate the remainder when 75932 is divided by 58.
10
What is the remainder when 8307955 is divided by 862?
861
What is the remainder when 551948 is divided by 25?
23
What is the remainder when 4982 is divided by 4975?
7
Calculate the remainder when 1239 is divided by 56.
7
Calculate the remainder when 4231 is divided by 2517.
1714
What is the remainder when 6096 is divided by 339?
333
Calculate the remainder when 27800 is divided by 8827.
1319
Calculate the remainder when 6357 is divided by 106.
103
What is the remainder when 350609 is divided by 206?
203
What is the remainder when 185180 is divided by 106?
104
Calculate the remainder when 2248325 is divided by 18.
17
Calculate the remainder when 31885 is divided by 7968.
13
What is the remainder when 55954 is divided by 69?
64
What is the remainder when 236013 is divided by 141?
120
What is the remainder when 733889 is divided by 170?
169
What is the remainder when 48861 is divided by 53?
48
What is the remainder when 1516 is divided by 411?
283
What is the remainder when 17815 is divided by 302?
299
What is the 